 8?
True
Does 10 divide 197330?
True
Is 44 a factor of 13598024?
True
Is 13551976 a multiple of 316?
True
Does 1372 divide 21155406?
False
Does 81 divide 157302?
True
Does 15 divide 327247?
False
Is 244547 a multiple of 101?
False
Is 246026 a multiple of 106?
True
Is 2695264 a multiple of 124?
True
Is 25 a factor of 6191559?
False
Does 387 divide 696784?
False
Is 5 a factor of 462820?
True
Is 1361 a factor of 4115664?
True
Does 375 divide 545250?
True
Does 451 divide 1777409?
False
Is 755467 even?
False
Is 4 a factor of 4046538?
False
Is 778689 a multiple of 31?
True
Is 95064 a multiple of 466?
True
Does 812 divide 1627?
False
Does 14 divide 124040?
True
Is 3648620 a multiple of 193?
False
Is 19 a factor of 73244?
False
Is 36 a factor of 17214422?
False
Does 45 divide 414405?
True
Does 12 divide 89196?
True
Is 82860 a multiple of 20?
True
Does 124 divide 169632?
True
Is 15663 a multiple of 4?
False
Does 77 divide 757372?
True
Does 14 divide 81214?
True
Does 416 divide 1187126?
False
Is 864 a factor of 1349568?
True
Is 394 a factor of 3064926?
True
Does 15 divide 689580?
True
Does 33 divide 5636994?
True
Is 131867 a multiple of 163?
True
Does 100 divide 1066500?
True
Is 410130 a multiple of 279?
True
Is 704 a factor of 2663936?
True
Does 725 divide 1703025?
True
Is 5 a factor of 96125?
True
Does 140 divide 243040?
True
Is 116 a factor of 101268?
True
Is 7 a factor of 43164?
False
Does 208 divide 3055104?
True
Does 14 divide 504316?
False
Is 6 a factor of 96261?
False
Is 14 a factor of 26850?
False
Is 102 a factor of 2348448?
True
Is 100 a factor of 2120002?
False
Is 19 a factor of 493164?
True
Is 21212 a multiple of 39?
False
Is 111354 a multiple of 8?
False
Is 42 a factor of 20885?
False
Is 195 a factor of 466245?
True
Is 564 a factor of 470940?
True
Is 106435 a multiple of 32?
False
Is 49 a factor of 77665?
True
Is 1570 a factor of 27175130?
True
Is 188 a factor of 3072684?
False
Is 213 a factor of 118854?
True
Is 27 a factor of 1724270?
False
Is 12 a factor of 248315?
False
Is 183118 a multiple of 76?
False
Is 740042 a multiple of 50?
False
Does 114 divide 951734?
False
Is 513494 a multiple of 38?
True
Is 549110 a multiple of 430?
True
Does 10 divide 15990?
True
Does 47 divide 279966?
False
Is 40532 a multiple of 15?
False
Is 22048 a multiple of 52?
True
Does 45 divide 4334628?
False
Does 420 divide 1558047?
False
Is 26 a factor of 854282?
True
Is 2967229 a multiple of 67?
True
Is 39 a factor of 7843836?
True
Does 38 divide 32968?
False
Is 45296 a multiple of 7?
False
Does 18 divide 890759?
False
Does 266 divide 52964?
False
Is 933447 a multiple of 5?
False
Does 12 divide 162624?
True
Is 7988218 a multiple of 18?
False
Does 29 divide 465804?
False
Is 149 a factor of 1164132?
False
Is 21 a factor of 1439970?
True
Is 11 a factor of 171028?
True
Is 157047 a multiple of 3?
True
Is 822016 a multiple of 13?
True
Is 557 a factor of 5805611?
True
Is 7214097 a multiple of 51?
False
Is 274 a factor of 4205626?
True
Does 40 divide 1316218?
False
Does 910 divide 806260?
True
Is 4832280 a multiple of 1240?
True
Does 63 divide 42084?
True
Is 75305 a multiple of 254?
False
Does 20 divide 72760?
True
Does 139 divide 1650625?
True
Is 110 a factor of 32235?
False
Is 380 a factor of 187985?
False
Is 91 a factor of 8645?
True
Does 101 divide 2365685?
False
Is 39 a factor of 1174304?
False
Is 385277 a multiple of 40?
False
Does 26 divide 52625?
False
Is 322 a factor of 75622?
False
Is 14 a factor of 1423564?
False
Is 28122 a multiple of 2?
True
Does 17 divide 116977?
True
Is 2319355 a multiple of 183?
False
Does 20 divide 742971?
False
Is 11 a factor of 163974?
False
Does 161 divide 133630?
True
Is 52855 a multiple of 155?
True
Does 11 divide 15900928?
False
Is 59 a factor of 2142458?
False
Does 255 divide 11971406?
False
Is 67 a factor of 130588?
False
Is 23 a factor of 22954621?
True
Does 7 divide 69020?
True
Does 38 divide 1776652?
True
Is 2248 a factor of 20067319?
False
Is 92782 a multiple of 2?
True
Is 382448 a multiple of 53?
True
Is 19 a factor of 97337?
True
Is 84920 a multiple of 48?
False
Is 67 a factor of 588868?
False
Does 13 divide 9613250?
False
Does 13 divide 4854075?
False
Is 2211950 a multiple of 14?
False
Is 38 a factor of 270903?
False
Does 13 divide 154661?
True
Is 4564059 a multiple of 379?
False
Is 33 a factor of 469623?
True
Does 17 divide 2134131?
False
Is 238214 a multiple of 6?
False
Does 61 divide 535519?
True
Does 28 divide 52780?
True
Is 166585 a multiple of 59?
False
Is 51 a factor of 6009434?
False
Is 218527 a multiple of 89?
False
Does 6 divide 515202?
True
Does 258 divide 25026?
True
Is 3 a factor of 8009?
False
Is 107 a factor of 588860?
False
Is 174752 a multiple of 127?
True
Is 7204328 a multiple of 68?
True
Is 5432363 a multiple of 56?
False
Is 3583618 a multiple of 269?
True
Does 29 divide 649165?
True
Is 2089725 a multiple of 51?
True
Is 14 a factor of 36414?
True
Is 46 a factor of 256650?
False
Does 34 divide 3774403?
False
Is 318 a factor of 3630606?
True
Is 9 a factor of 1092669?
False
Is 8 a factor of 263171?
False
Is 3428976 a multiple of 24?
True
Does 269 divide 126968?
True
Is 55 a factor of 864930?
True
Is 30 a factor of 16386181?
False
Is 27414 a multiple of 90?
False
Is 11 a factor of 44528?
True
Does 5 divide 87593?
False
Does 460 divide 242420?
True
Is 7673963 a multiple of 449?
False
Is 6 a factor of 2823359?
False
Is 125175 a multiple of 14?
False
Is 79215 a multiple of 15?
True
Does 108 divide 141696?
True
Is 17 a factor of 4674455?
False
Is 11 a factor of 3703539?
False
Does 148 divide 75673?
False
Does 2359 divide 6190016?
True
Is 35 a factor of 202649?
False
Does 183 divide 1857267?
True
Is 12 a factor of 429912?
True
Is 186 a factor of 1403370?
True
Is 37 a factor of 370236?
False
Does 4 divide 2031011?
False
Is 3 a factor of 125690?
False
Does 94 divide 161398?
True
Is 47 a factor of 252249?
True
Is 224624 a multiple of 101?
True
Is 8 a factor of 568688?
True
Does 364 divide 7456482?
False
Is 4880394 a multiple of 102?
True
Does 1234 divide 6367471?
False
Does 297 divide 184448?
False
Is 161952 a multiple of 336?
True
Does 232 divide 249055?
False
Is 65 a factor of 474687?
False
Does 332 divide 357564?
True
Is 33 a factor of 168666?
False
Is 1921664 a multiple of 8?
True
Does 25 divide 1893475?
True
Does 88 divide 20606?
False
Is 95 a factor of 4767319?
False
Does 20 divide 71205?
False
Does 192 divide 4030272?
True
Is 3617181 a multiple of 17?
False
Is 634 a factor of 449285?
False
Is 155 a factor of 111290?
True
Is 49 a factor of 9461263?
True
Is 2 a factor of 43501?
False
Is 368550 a multiple of 90?
True
Is 1851744 a multiple of 28?
False
Is 208 a factor of 364630?
False
Does 11 divide 8267287?
False
Is 8 a factor of 1114031?
False
Is 45 a factor of 283140?
True
Is 10 a factor of 1129870?
True
Does 4 divide 149312?
True
Is 496929 a multiple of 10?
False
Is 54 a factor of 20211714?
True
Is 7949633 a multiple of 1198?
False
Does 214 divide 948363?
False
Does 85 divide 52788?
False
Is 202550 a multiple of 25?
True
Is 16113607 a multiple of 668?
False
Is 154 a factor of 2542400?
False
Does 25 divide 2819662?
False
Does 159 divide 268341?
False
Is 1290022 a multiple of 448?
False
Is 218197 a multiple of 3?
False
Does 37 divide 11708687?
True
Is 12 a factor of 6472365?
False
Is 697763 a multiple of 11?
True
Is 14 a factor of 100166?
False
Is 18 a factor of 1957?
False
Does 44 divide 6925204?
True
Is 101826 a multiple of 64?
False
Is 15 a factor of 1185300?
True
Is 345182 a multiple of 4?
False
Does 17 divide 12585110?
False
Does 7 divide 137286?
False
Does 7 divide 175137?
False
Does 9 divide 1948761?
True
Is 321 a factor of 364722?
False
Is 8 a factor of 333325?
False
Is 248 a factor of 3680995?
False
Is 1950575 a multiple of 11?
True
Is 357110 a multiple of 92?
False
Does 358 divide 1195103?
False
Is 233720 a multiple of 4?
True
Does 42 divide 201401?
False
Is 91447 a multiple of 13?
False
Is 10 a factor of 23119530?
True
Is 142 a factor of 631900?
True
Is 22 a factor of 40810?
True
Is 952344 a multiple of 22?
False
Is 142369 a multiple of 319?
False
Is 55 a factor of 726110?
True
Is 120 a factor of 215351?
False
Is 33 a factor of 160644?
True
Does 22 divide 232078?
True
Is 4 a factor of 118891?
Fal